er when s is divided by w(-35).
0
Let b = 3550 + -2265. What is the remainder when b is divided by 95?
50
Suppose 0 = -4*d - 4*z + 236, -3*d + 1036 - 851 = -5*z. Calculate the remainder when 1189 is divided by d.
49
Let c be (-3 - 0) + (-5 - (-72 - 9)). Let b = -33 + c. What is the remainder when (-1 - -119) + 0/(-1) is divided by b?
38
Suppose 5*f - 579 = 2*r, 0 = 2*f - 2*r - 66 - 168. Let d = -14 - -9. Let t(x) = -x**3 - 3*x**2 + 4*x - 1. What is the remainder when f is divided by t(d)?
28
Let o be (-34)/51 - (-401)/3. Suppose -14*q + 300 = -12*q. Suppose -v + q = o. What is the remainder when 78 is divided by v?
10
Let j(h) = h**3 - 3*h**2 - 2*h**2 - 20 + 18 - 7*h. Calculate the remainder when j(7) is divided by 8.
7
Let d be ((-12)/4 - -26)*1. Let j = 38 - d. Calculate the remainder when 93 is divided by 118/5 - (36/j)/(-6).
21
Suppose -24*m = -30998 - 28426. What is the remainder when m is divided by 824?
4
Let g(p) = -p**2 + 257*p + 788. Calculate the remainder when g(0) is divided by 170.
108
Let b = 26592 + -26424. What is the remainder when 522 is divided by b?
18
Suppose -4*j + 5*g = -476, 512 = 4*j + 6*g - 2*g. Calculate the remainder when 2/2*(43 + j) is divided by 21.
20
Let y(l) = 8*l**2 + 28*l - 3. Suppose 2*u = -2*i + 4, -5*i + 0*u = -u - 16. Calculate the remainder when y(-4) is divided by i.
1
Suppose -6*g = -32 - 4. What is the remainder when 16 - (0/6 + 1) is divided by g?
3
Suppose -g = -5*s + 35, -2*s = -5*g + 7*g - 14. Suppose 42 = -0*b - s*b. What is the remainder when 11 is divided by 2 + (b + 2)/(-1)?
5
Suppose -2*s = 5*n - 4, 4*s - 12 = 3*n + 22. Suppose -25 = -5*z, -z = 3*y - 17 - 33. Suppose 4*w + 7 = y. What is the remainder when s is divided by w?
1
Let n = -42 + 81. Suppose 4*j - 115 = -3*y, -3*j + y + n = -44. What is the remainder when 28 is divided by j?
0
Let k = -3724 + 4237. What is the remainder when k is divided by 53?
36
Let x(s) = -15*s + 62. Let o = 393 + -413. What is the remainder when x(o) is divided by 52?
50
Calculate the remainder when (1507/13563)/((-2)/(-15102 - 0)) is divided by 169.
163
What is the remainder when 166 is divided by (0 - 0) + (-19)/((-608)/24)*8?
4
Suppose -5*g + t = -0*g - 10, -4*g + 32 = 4*t. Let h(i) = i**2 + 24*i - 13. Let f be h(-25). Let c = f - g. Calculate the remainder when c is divided by 6.
3
Let l = -3 - -2. Suppose 821 = 49*h + 282. Let j = h + l. What is the remainder when j is divided by 6?
4
Let v = -35 - -33. Let s be (-1)/v - (-21)/6. Let y(j) = -j**2 + 12*j - 1. What is the remainder when y(s) is divided by 11?
9
Suppose -4*t - 2*o + 6 = 0, 4*o + 2 + 10 = 0. Suppose 4*q + 15 = -y + 74, 0 = 5*q - y - 85. Calculate the remainder when (1 - -4) + 91 - t is divided by q.
13
Let d be 4/10 + ((-368680)/(-50) - 10). Calculate the remainder when (-8)/(-76) - (d/(-76))/1 is divided by 38.
21
Suppose -80*m + 47611 = -1669. What is the remainder when m is divided by 403?
213
Let f(r) = -3*r - 4. Let j be f(-9). Suppose 0 = j*y - 725 - 149. What is the remainder when y is divided by 7?
3
Let b(u) = 3*u**2 - 8*u + 4. Let x = -26 - -29. Suppose 3*t - 21 = d, -4*t - x*d = -3*t - 7. Calculate the remainder when b(t) is divided by 32.
31
Let r = -59 - -59. Let z(t) = -t**2 + 8*t + 5. Let s be z(r). Suppose -93 = -s*h - 8. Calculate the remainder when 40 is divided by h.
6
Suppose -k + 246 - 1053 = -5*s, 0 = -5*s - 4*k + 772. What is the remainder when s is divided by 28?
20
Suppose -3*a - 33 = -5*c - 0*a, -4*c + 3*a = -24. Suppose 4*m - 3*o - 140 = 0, -13*m - o = -14*m + 35. What is the remainder when m is divided by c?
8
Suppose m + 5 = 0, v = 8*m - 3*m + 51. Let x = v + -15. Suppose -2*n - 5*a = -4*n - x, 5*n = -2*a + 45. Calculate the remainder when 13 is divided by n.
6
Let d(t) = 28*t - 87. Let q(w) be the third derivative of w**6/120 - w**5/12 + w**4/24 + 7*w**3/3 - w**2. Calculate the remainder when d(9) is divided by q(6).
53
Calculate the remainder when ((-2538)/(-270) - (-18)/(-2))*695 is divided by 103.
72
Let g(f) = -6*f**3 + 3*f**2 + 9*f + 2. Suppose 4*v = 3*h - 5, 5*v - h + 4 = -5. What is the remainder when g(v) is divided by 23?
21
Let y = 17 - 9. What is the remainder when 5496/(-18)*-1 + (-400)/120 is divided by y?
6
Let k(v) = v**3 - v**2 + 32. Let u(w) = w**2 + 9*w + 8. Let c be u(-8). Let a = -123 - -216. What is the remainder when a is divided by k(c)?
29
Let a = -4144 - -6378. What is the remainder when a is divided by 172?
170
Suppose -83*y + 11573 = 80*y. Calculate the remainder when 1813 is divided by y.
38
Suppose -5*o + 6 = 4*u, 5*u + 4*o + 4 - 25 = 0. Suppose f - 96 = -f. Calculate the remainder when f is divided by u.
3
Let s = -1210 + 1308. Suppose 11*a = -2*a + 338. Calculate the remainder when s is divided by a.
20
Suppose 0*y + 280 = 4*y. Suppose 1155 = 3*k + 2299 - 1186. What is the remainder when y is divided by k?
0
Suppose -2 = j - 6, s = -j - 12. Let g = -8 - s. Calculate the remainder when 53 is divided by g.
5
Suppose 28*d - 22*d = -4680. Let q = -764 - d. Calculate the remainder when 975 is divided by q.
15
Let s = -10 - -15. Suppose -r + 30 = s*k, r - 41 + 12 = -4*k. Let t(d) = d**2 + 5*d - 89. Calculate the remainder when r is divided by t(-13).
10
What is the remainder when -12 + (-660)/825*(-1245)/2 is divided by 427?
59
Let a(b) = 3*b**2 + 46*b - 93. What is the remainder when 4014 is divided by a(2)?
10
Let l(w) = 193*w**3 - 2*w**2 + 57*w - 56. What is the remainder when 657 is divided by l(1)?
81
Let b be 0/(2 - -2) - 777. Let n = -762 - b. What is the remainder when 54 is divided by n?
9
Suppose -570*z - 12 - 30 = -571*z. Calculate the remainder when z is divided by 38.
4
Calculate the remainder when (-448)/(-2 + 1) - (-98 - -90) is divided by 48.
24
Suppose -37*c + 33*c - 5*x = -137, -c - x = -34. Calculate the remainder when c is divided by 1.
0
Suppose 2*i = -3*m - 2*i - 84, -4*m - 137 = -3*i. Let w be (m/6)/((-4)/(-18)). Let z = w + 29. What is the remainder when 28 is divided by z?
3
Let j = -265 + 200. Let z = -43 - j. Calculate the remainder when 241 is divided by z.
21
What is the remainder when -2 + 54/21 - ((-5839262)/154)/17 is divided by 161?
138
Let b = -43 - -7. Let y = b + 96. What is the remainder when y is divided by ((1 - 1) + 4)*((-105)/(-140) + 7)?
29
Suppose 0 = -5*j + 9*b + 530, j - 33 - 49 = -3*b. Suppose 3*c + 482 = 4*c. Calculate the remainder when c is divided by j.
94
Let a = 58 + -35. Let w(r) = -r**3 + 6*r - 124*r**2 + 219*r**2 - 120*r**2 - r**3 + 149 + 14*r. What is the remainder when w(-13) is divided by a?
12
Let q(r) = -20*r - 180. Let v be q(-11). Suppose -2*m - 5*h + 3*h + 62 = 0, 4*h - v = -m. Calculate the remainder when 42 is divided by m.
14
Let u = 6096 + -5933. Calculate the remainder when u is divided by 3.
1
Suppose -276*p + 16638 = -229*p. What is the remainder when p is divided by 104?
42
Suppose 4*h - 119 = -2*r + 9, -8*r = -4*h + 188. Calculate the remainder when 52 is divided by h.
17
Let o = -189 + 181. What is the remainder when (o/(-12))/(6/1170) is divided by 28?
18
Suppose -2*k = -6*k, 2*k = -2*y + 6*y + k - 32. Suppose -5*n = -171 - 254. What is the remainder when n is divided by y?
5
Let f be -3 + (-43 - (-3 + 0)). Suppose 507 - 94 = 7*t. Let z = t + f. What is the remainder when 95 is divided by z?
15
Suppose 5*l - 9*l = 5*f + 10, -2*f - 5*l + 13 = 0. What is the remainder when (-4)/f + 142/(-18)*-51 is divided by 102?
97
Suppose 438 = 5*a - 4*p - 1678, -3*p = 3*a - 1248. What is the remainder when a is divided by 11?
2
Let i = -1715 + 1734. Calculate the remainder when 34 is divided by i.
15
Let l = 5 + -3. Let b(g) = -9*g + 541. What is the remainder when (52*5 + l)/2 is divided by b(58)?
17
Let o = 819 - 766. Calculate the remainder when o is divided by 52.
1
Let o(g) = 63*g**2 - 150*g - 1035. What is the remainder when o(-7) is divided by 107?
106
Let f(r) = -50*r + 9. Suppose 25*s + 0 = -25. Calculate the remainder when f(s) is divided by 8.
3
Suppose 2*a - 2 = v + 7, 3*a - 4*v = 1. Suppose 2*b - b + 608 = 3*n, -815 = -4*n - 3*b. Let z = n + -193. What is the remainder when z is divided by a?
3
Let v = -231 - -364. Suppose -15*q = 917 + v. Calculate the remainder when 40 is divided by (2 + 1)*(q/(-6) + -4).
17
Let v = -23764 + 23826. What is the remainder when 4